divided by 6?
4
Calculate the remainder when 4450 is divided by 17.
13
What is the remainder when 21449 is divided by 34?
29
What is the remainder when 693 is divided by 33?
0
What is the remainder when 2096 is divided by 25?
21
What is the remainder when 94 is divided by 19?
18
What is the remainder when 481 is divided by 215?
51
Calculate the remainder when 198 is divided by 42.
30
Calculate the remainder when 60 is divided by 14.
4
What is the remainder when 2156 is divided by 83?
81
Calculate the remainder when 356 is divided by 119.
118
Calculate the remainder when 982 is divided by 166.
152
Calculate the remainder when 260 is divided by 66.
62
Calculate the remainder when 1285 is divided by 53.
13
Calculate the remainder when 100 is divided by 2.
0
What is the remainder when 2780 is divided by 103?
102
Calculate the remainder when 810 is divided by 211.
177
Calculate the remainder when 508 is divided by 5.
3
Calculate the remainder when 250 is divided by 66.
52
What is the remainder when 4549 is divided by 13?
12
Calculate the remainder when 972 is divided by 47.
32
Calculate the remainder when 174 is divided by 6.
0
Calculate the remainder when 13 is divided by 8.
5
What is the remainder when 125 is divided by 42?
41
Calculate the remainder when 3099 is divided by 45.
39
Calculate the remainder when 13378 is divided by 8.
2
What is the remainder when 901 is divided by 41?
40
What is the remainder when 149 is divided by 50?
49
Calculate the remainder when 711 is divided by 89.
88
Calculate the remainder when 6169 is divided by 42.
37
What is the remainder when 14696 is divided by 100?
96
Calculate the remainder when 53 is divided by 11.
9
What is the remainder when 109 is divided by 23?
17
What is the remainder when 1008 is divided by 55?
18
What is the remainder when 293 is divided by 8?
5
Calculate the remainder when 206 is divided by 24.
14
Calculate the remainder when 417 is divided by 11.
10
Calculate the remainder when 1850 is divided by 266.
254
What is the remainder when 70 is divided by 13?
5
Calculate the remainder when 10295 is divided by 72.
71
Calculate the remainder when 733 is divided by 54.
31
What is the remainder when 553 is divided by 35?
28
What is the remainder when 96 is divided by 14?
12
What is the remainder when 250 is divided by 23?
20
What is the remainder when 218 is divided by 44?
42
Calculate the remainder when 20028 is divided by 10.
8
Calculate the remainder when 368 is divided by 272.
96
Calculate the remainder when 3754 is divided by 1877.
0
Calculate the remainder when 483 is divided by 11.
10
Calculate the remainder when 8423 is divided by 22.
19
Calculate the remainder when 274 is divided by 114.
46
What is the remainder when 419 is divided by 60?
59
What is the remainder when 164 is divided by 12?
8
What is the remainder when 910 is divided by 12?
10
What is the remainder when 9789 is divided by 144?
141
What is the remainder when 130 is divided by 11?
9
What is the remainder when 26 is divided by 16?
10
What is the remainder when 35 is divided by 3?
2
Calculate the remainder when 1186 is divided by 18.
16
Calculate the remainder when 1421 is divided by 16.
13
Calculate the remainder when 384 is divided by 122.
18
Calculate the remainder when 2369 is divided by 788.
5
What is the remainder when 19294 is divided by 85?
84
What is the remainder when 1509 is divided by 86?
47
What is the remainder when 28 is divided by 5?
3
What is the remainder when 772 is divided by 261?
250
Calculate the remainder when 1132 is divided by 26.
14
Calculate the remainder when 892 is divided by 8.
4
What is the remainder when 158 is divided by 44?
26
What is the remainder when 279 is divided by 21?
6
What is the remainder when 814 is divided by 197?
26
Calculate the remainder when 5572 is divided by 164.
160
Calculate the remainder when 283 is divided by 103.
77
Calculate the remainder when 91 is divided by 30.
1
Calculate the remainder when 12391 is divided by 18.
7
What is the remainder when 245 is divided by 41?
40
What is the remainder when 308 is divided by 13?
9
Calculate the remainder when 83 is divided by 53.
30
Calculate the remainder when 195 is divided by 8.
3
What is the remainder when 121 is divided by 58?
5
What is the remainder when 11 is divided by 6?
5
Calculate the remainder when 551 is divided by 531.
20
What is the remainder when 1561 is divided by 71?
70
Calculate the remainder when 537 is divided by 17.
10
Calculate the remainder when 2058 is divided by 32.
10
Calculate the remainder when 5655 is divided by 28.
27
What is the remainder when 2744 is divided by 208?
40
Calculate the remainder when 1524 is divided by 116.
16
What is the remainder when 111 is divided by 29?
24
Calculate the remainder when 335 is divided by 23.
13
What is the remainder when 1651 is divided by 57?
55
Calculate the remainder when 30 is divided by 2.
0
Calculate the remainder when 419 is divided by 31.
16
What is the remainder when 968 is divided by 946?
22
What is the remainder when 1125 is divided by 10?
5
What is the remainder when 41410 is divided by 119?
117
What is the remainder when 58 is divided by 50?
8
What is the remainder when 3420 is divided by 3413?
7
What is the remainder when 72 is divided by 15?
12
What is the remainder when 58 is divided by 29?
0
What is the remainder when 48645 is divided by 26?
25
What is the remainder when 76 is divided by 6?
4
What is the remainder when 28 is divided by 20?
8
What is the remainder when 2498 is divided by 14?
6
Calculate the remainder when 14254 is divided by 27.
25
Calculate the remainder when 2397 is divided by 16.
13
Calculate the remainder when 532 is divided by 3.
1
What is the remainder when 466 is divided by 75?
16
What is the remainder when 361 is divided by 28?
25
What is the remainder when 8 is divided by 1?
0
What is the remainder when 343 is divided by 54?
19
What is the remainder when 2020 is divided by 29?
19
Calculate the remainder when 1418 is divided by 175.
18
Calculate the remainder when 576 is divided by 64.
0
What is the remainder when 187 is divided by 39?
31
What is the remainder when 36 is divided by 26?
10
What is the remainder when 527 is divided by 8?
7
What is the remainder when 14406 is divided by 131?
127
What is the remainder when 6 is divided by 5?
1
Calculate the remainder when 1158 is divided by 129.
126
What is the remainder when 322 is divided by 24?
10
What is the remainder when 229 is divided by 33?
31
Calculate the remainder when 331 is divided by 21.
16
What is the remainder when 1273 is divided by 237?
88
Calculate the remainder when 147 is divided by 143.
4
Calculate the remainder when 298 is divided by 63.
46
Calculate the remainder when 1325 is divided by 149.
133
What is the remainder when 553 is divided by 258?
37
What is the remainder when 36 is divided by 5?
1
What is the remainder when 1085 is divided by 59?
23
What is the remainder when 37 is divided by 8?
5
Calculate the remainder when 690 is divided by 680.
10
What is the remainder when 4047 is divided by 39?
30
What is the remainder when 176 is divided by 13?
7
What is the remainder when 6779 is divided by 119?
115
Calculate the remainder when 405 is divided by 8.
5
Calculate the remainder when 59 is divided by 32.
27
What is the remainder when 143 is divided by 54?
35
Calculate the remainder when 396 is divided by 80.
76
What is the remainder when 258 is divided by 19?
11
What is the remainder when 514 is divided by 508?
6
What is the remainder when 277 is divided by 57?
49
What is the remainder when 235 is divided by 30?
25
What is the remainder when 1560 is divided by 22?
20
Calculate the remainder when 64 is divided by 45.
19
What is the remainder when 420 is divided by 29?
14
What is the remainder when 47 is divided by 31?
16
Calculate the remainder when 1150 is divided by 7.
2
What is the remainder when 702 is divided by 89?
79
Calculate the remainder when 247 is divided by 42.
37
Calculate the remainder when 75 is divided by 20.
15
What is the remainder when 983 is divided by 238?
31
What is the remainder when 253 is divided by 48?
13
What is the remainder when 179 is divided by 156?
23
Calculate the remainder when 199 is divided by 44.
23
What is the rema